*d**2 - 633*d**2 + 9*d - 6. Suppose -2*u - u = 3*t + 9, t + 5*u = 9. What are the prime factors of x(t)?
3, 79
Suppose a - 6*v = 23878, 0 = -a + 15*v - 19*v + 23908. List the prime factors of a.
2, 29, 103
Suppose -6*u + 9 = -3*u. Suppose 0*l = -q - u*l - 9, 0 = -3*q + 3*l + 21. Let m(b) = -b**3 + 6*b**2 - 4. What are the prime factors of m(q)?
23
Let h = -559 + 562. List the prime factors of (-1)/(-2)*(27*82)/h.
3, 41
Let g(d) = d**3 - 5*d**2 + d + 3. Let v be g(5). Let w be 0 + (-258)/(-10) + (-62)/(-310). Let x = w - v. List the prime factors of x.
2, 3
Let o(q) = 149*q**3 - 4*q**2 - 8*q - 7. Let f be o(-2). Let g = -654 - f. List the prime factors of g.
5, 109
Let k(l) = -10 + 21 + 341*l + 7 + 2 + 4. List the prime factors of k(2).
2, 353
Let k = -6578 + 10698. List the prime factors of k.
2, 5, 103
Let c be ((-1090)/25 - 1) + (-4)/10. What are the prime factors of c/(-3)*((-44)/20 + 5)?
2, 3, 7
Let z be (-2 + 3)/((-8)/72). List the prime factors of 120/z*(-10 + 0 - 2).
2, 5
Let d be -2 + 284/(7 + -3). What are the prime factors of (d/(-5) + 0)/(14/(-140))?
2, 3, 23
Let x(p) = 67*p**3 - 5*p**2 + 21*p + 50. What are the prime factors of x(6)?
2, 3617
Let w(n) = -n**3 + 9*n**2 - 2*n - 11. Let t be w(5). Let l = -8 + 11. Suppose 202 = 2*p + 5*s + t, -p + 34 = -l*s. List the prime factors of p.
7
Let p be ((-7)/(-14))/(5/15650). Let d = -741 + p. List the prime factors of d.
2, 103
Let u(x) = -x**2 + 6*x - 10. Let b be u(5). Let m = b + 1. What are the prime factors of ((-180)/(-35))/(m/(-14))?
2, 3
Let s(q) = -11*q**3 - 10*q**2 - 2*q - 4. Let f(y) = y**3 - 31*y**2 + 25*y + 146. Let c be f(30). What are the prime factors of s(c)?
2, 137
Let m(b) = 3*b**2 - 52*b + 17. Let o be m(17). Suppose o = -3*n - 5*y + 2023, -2*n - 3*y + 346 = -1003. List the prime factors of n.
2, 13
What are the prime factors of 23393/(15/(210/14))?
149, 157
Let d(v) = -v**2 + 14*v - 15. Let g be d(13). Let a be (-9)/(-5 + (-4)/g). Suppose -3*x - a + 15 = 0. What are the prime factors of x?
2
Suppose 4*w - 4480 = -2*o, -3*w + 1260 + 2122 = -4*o. Suppose u = -3*a + 5*u + w, 3*a - 1122 = -4*u. List the prime factors of a.
2, 11, 17
Suppose -8*q + 4774 + 1750 + 3532 = 0. List the prime factors of q.
3, 419
Suppose 245*q - 220731 = 241*q - 3*l, 4*l + 165567 = 3*q. What are the prime factors of q?
3, 5, 13, 283
Let d(b) = -5538*b + 273. What are the prime factors of d(-3)?
3, 13, 433
Let h = 77 + -77. Suppose h = -4*s - 0*s + 4. List the prime factors of ((-5)/4*s)/((-52)/416).
2, 5
Let w(o) = 9*o**3 + 32*o**2 - o + 30. Let u(g) = 4*g**3 + 16*g**2 - g + 15. Let c(b) = 7*u(b) - 3*w(b). List the prime factors of c(-10).
5, 131
Let k be (-9 + 3685 - -1) + (0 - -5). Suppose 0 = -10*w + k + 3508. List the prime factors of w.
719
Suppose 140*c - 137943 = 101*c. What are the prime factors of c?
3, 131
List the prime factors of 7489 + -5*(84/20 + -4).
2, 3, 13
Let x(b) = 7*b**3 - b**2 + b + 6. Let w(y) be the second derivative of -5*y**3/6 - 3*y**2/2 - 23*y. Let r be w(-1). List the prime factors of x(r).
2, 3, 5
Let d(s) = -22*s**3 + 4*s**2 - 12*s + 13. What are the prime factors of d(-5)?
37, 79
Let h(m) = -2*m**3 + 2*m**2 - 17*m - 3. Let d(c) = -15*c**3 + 15*c**2 - 120*c - 20. Let g(w) = -3*d(w) + 20*h(w). What are the prime factors of g(4)?
2, 5
Suppose 4*g = 15 + 25. Let a be 16/g + 1*8/20. Suppose 124 = p + v, 2*p - 264 = -0*p + a*v. List the prime factors of p.
2
Let x = 9697 + -9692. Let p be (2 - 2) + -1 - -4. Suppose -3*c + 94 + 224 = -l, x*c + p*l = 516. What are the prime factors of c?
3, 5, 7
Let b(f) = -27*f**3 + 347*f**2 + 15*f - 5. What are the prime factors of b(12)?
11, 317
Suppose -4*f = 81*u - 76*u - 10845, 1 = u. What are the prime factors of f?
2, 5, 271
Suppose -2*t + 3*d - 3 = 0, 0 = 3*t - 2*d + 3 - 1. Suppose -x - 4*q + 232 = t, x - 873 = -3*x - 5*q. List the prime factors of x.
2, 53
Let i be 32/24*6/4. Let m(s) = 2*s + 7*s**i + 5*s - 5*s - 3. What are the prime factors of m(2)?
29
Suppose -j = -3*k + 29, -10 = -3*k - j + 21. Let m be (-22*5/50)/((-2)/k). Suppose -9*w - 302 = -m*w. What are the prime factors of w?
151
Let h be 4/8*1*578. Let s = -180 + h. List the prime factors of s.
109
List the prime factors of 8/12 + 15271/3 + -10.
5081
Let y = -72 + 77. Suppose -y*k + 10 = -10, 5*k - 1625 = -3*n. What are the prime factors of n?
5, 107
Let b(s) = 8*s**3 + 10*s**2 - 25*s + 18. Let f be b(5). Let k = -618 + f. What are the prime factors of k?
3, 5, 7
Let l(i) = -9*i**2 - 148*i + 11. Let d = 344 - 356. What are the prime factors of l(d)?
491
Suppose -2*b + 606*o + 82044 = 603*o, o = -3*b + 123033. What are the prime factors of b?
3, 7, 31
Suppose -7488 = -4*j - 10*o, 0 = j + 2*o + 109 - 1984. What are the prime factors of j?
3, 17, 37
Let c be (204/10)/(135/(-450)). Let k(p) = -3*p + 2. Let w be k(12). Let d = w - c. List the prime factors of d.
2, 17
Let j(v) = -13 - 658*v - 452*v + 401*v - 15. List the prime factors of j(-1).
3, 227
Suppose -r + 27 = 2*w - 6, -3*w + 57 = 4*r. Let g be ((-12)/w)/((-3)/(15/2)). Suppose 2*q - 3*q = -g*z + 234, 337 = 3*z - 5*q. What are the prime factors of z?
7, 17
Suppose 3*y + 1 - 7 = 0. Let a be 9 + -7 - (-1 - y). Suppose -a*q + 701 = -74. What are the prime factors of q?
5, 31
Let w(p) = p + 2 - 261*p**2 + 520*p**2 - 259*p**2 - 3*p**3. Let t be w(-1). Suppose -3*d + 116 = -d - z, t*d - z - 232 = 0. What are the prime factors of d?
2, 29
Let n = 26 + -23. Let r be n/6 + (-1)/2. Suppose -3*t + i + 360 = r, 3*t - 3*i = -2*t + 604. List the prime factors of t.
7, 17
Let q(b) = -b**3 - 35*b**2 + 61*b + 498. List the prime factors of q(-44).
2, 19, 401
Let n be (-32)/(-10)*430/(-172). What are the prime factors of ((-163)/4 - 0)/(n/192)?
2, 3, 163
Let b(w) be the first derivative of 4*w**3/3 - 18*w**2 - 78*w + 276. What are the prime factors of b(-17)?
2, 5, 13
Suppose 3*q = -805 + 772. Let w(j) = j**3 + 17*j**2 - 7. What are the prime factors of w(q)?
719
Let u(r) = 18*r**2 + 73 - 24*r - 69 + 4*r**3 + 7*r. Let b(t) = -7*t**3 - 36*t**2 + 33*t - 7. Let l(w) = -3*b(w) - 5*u(w). List the prime factors of l(-18).
11, 23
Let t be ((-88)/56 - -2) + (-11866)/(-14). Suppose 5*b = b + t. List the prime factors of b.
2, 53
Let w = 121 - 140. List the prime factors of 789 - (2/w - (-240)/114).
787
Let d(s) = 5*s**3 - 32*s**2 - 2*s + 27. What are the prime factors of d(19)?
2, 5683
Suppose -76*v + 44801 + 19572 - 16873 = 0. What are the prime factors of v?
5
Suppose 1068 = -3*q - 6*n + 3*n, -5*q - n = 1776. Let w = 292 - q. List the prime factors of w.
647
Let i(t) = -16*t**2 + 120*t + 61. Let m = -8 + 6. Let l(k) = 3*k**2 - 24*k - 12. Let a(b) = m*i(b) - 11*l(b). What are the prime factors of a(16)?
2, 3, 23
Let n(x) be the second derivative of x**3/2 + 13*x**2 - 63*x. What are the prime factors of n(34)?
2
Suppose i = c + 14624, -283*c = 3*i - 280*c - 43896. List the prime factors of i.
2, 3, 23, 53
Let c = 1 + 16. Let j = c + -13. What are the prime factors of 1*j/(-12)*-24?
2
Let f = -14 + 16. Let p(o) = 12*o**2 + 16*o**f - o - 25*o**2 - 9. List the prime factors of p(-5).
71
Let m = 19 + -17. Suppose 2*v + m*y = 6*y + 28, 5*y + 13 = -3*v. Suppose h - 2*k - 162 = -3*h, -2*h = v*k - 86. List the prime factors of h.
41
Let j(a) = -a**3 + 32*a**2 + 8*a - 84. Let d be j(32). Suppose 5*v - 48 = d. What are the prime factors of v?
2, 11
Let s be 30*2/(-7)*(-21)/12. Let d be (-1 - s)*-20*(-5)/10. Let w = d - -237. What are the prime factors of w?
7, 11
Suppose 5643*c + 3248 = 5650*c. Let r(t) = 5*t**2 - 9*t - 8. Let f be r(-7). Let z = c - f. What are the prime factors of z?
2, 41
Let m(k) = -9*k - 19. Let j be m(-2). Let c(w) = -720*w**3 - 17*w - 18. List the prime factors of c(j).
719
Suppose 0 = 4*q + 5*b - 118270, 1401*b = 5*q + 1406*b - 147835. List the prime factors of q.
3, 5, 73
Let u(j) = 31*j**2 - 3*j + 2. Let q be u(1). Let o = q + -78. List the prime factors of o/64 - (-446)/8.
5, 11
Suppose 134*f = -46*f + 4*f + 2981088. List the prime factors of f.
2, 3, 941
List the prime factors of (23/69)/((-2)/(-100536)).
2, 59, 71
Suppose 0 = -3*x + 12 + 15. Let k be (9*3)/(7/(336/x)). Suppose 2*r - k = -46. What are the prime factors of r?
7
Suppose 5*z = 5*n + 380, -12 = -2*n - 4. Suppose -4*l + 2936 = z. What are the prime factors